52 and 72.
24
Calculate the highest common divisor of 12 and 204.
12
What is the greatest common divisor of 44 and 22?
22
Calculate the greatest common divisor of 16 and 40496.
16
Calculate the highest common factor of 481 and 148.
37
Calculate the highest common divisor of 1564 and 170.
34
Calculate the greatest common factor of 165 and 517.
11
Calculate the greatest common factor of 59 and 767.
59
What is the greatest common factor of 44 and 143?
11
What is the highest common divisor of 664 and 8?
8
What is the highest common factor of 210 and 90?
30
Calculate the greatest common divisor of 1320 and 154.
22
What is the highest common divisor of 5 and 26?
1
What is the greatest common factor of 36 and 12564?
36
What is the highest common factor of 42 and 399?
21
What is the greatest common divisor of 104100 and 300?
300
Calculate the highest common divisor of 52 and 2522.
26
What is the greatest common divisor of 46 and 38272?
46
What is the greatest common factor of 1536 and 672?
96
Calculate the highest common divisor of 1053 and 104.
13
Calculate the greatest common divisor of 20 and 15.
5
Calculate the highest common factor of 16 and 52.
4
Calculate the greatest common factor of 63 and 315.
63
Calculate the highest common divisor of 56 and 8022.
14
Calculate the highest common factor of 41 and 779.
41
What is the greatest common divisor of 1751 and 85?
17
Calculate the greatest common divisor of 94 and 47.
47
What is the highest common divisor of 7 and 497?
7
Calculate the greatest common factor of 208 and 26.
26
What is the highest common divisor of 3 and 147?
3
Calculate the highest common factor of 7685 and 636.
53
Calculate the highest common divisor of 91 and 3.
1
Calculate the highest common factor of 111 and 2.
1
Calculate the highest common factor of 168871 and 47.
47
What is the greatest common divisor of 20 and 12340?
20
Calculate the greatest common factor of 67 and 469.
67
Calculate the greatest common factor of 45 and 240.
15
Calculate the greatest common divisor of 24 and 3.
3
What is the greatest common factor of 2990 and 1690?
130
Calculate the greatest common factor of 98 and 17640.
98
Calculate the highest common divisor of 24 and 456.
24
What is the highest common factor of 204 and 156?
12
What is the greatest common factor of 31 and 899?
31
What is the greatest common divisor of 11 and 704?
11
What is the highest common factor of 87 and 145?
29
What is the greatest common factor of 36 and 32?
4
What is the greatest common factor of 7 and 1841?
7
Calculate the highest common divisor of 2484 and 36.
36
What is the greatest common factor of 26 and 39?
13
Calculate the greatest common factor of 104 and 1235.
13
What is the greatest common divisor of 270 and 432?
54
Calculate the highest common divisor of 118 and 8673.
59
Calculate the greatest common divisor of 156 and 8840.
52
Calculate the highest common factor of 256 and 208.
16
What is the greatest common divisor of 44 and 12958?
22
What is the greatest common factor of 35 and 315?
35
Calculate the highest common divisor of 19200 and 200.
200
What is the greatest common divisor of 8 and 56?
8
Calculate the greatest common divisor of 390 and 1210.
10
Calculate the highest common factor of 11 and 209.
11
What is the greatest common divisor of 4214 and 86?
86
Calculate the greatest common factor of 25 and 400.
25
What is the highest common divisor of 21 and 38640?
21
Calculate the highest common divisor of 120 and 280.
40
Calculate the highest common divisor of 18438 and 42.
42
Calculate the highest common factor of 140 and 630.
70
What is the highest common divisor of 832 and 13?
13
What is the greatest common divisor of 17 and 3145?
17
Calculate the highest common divisor of 216 and 96.
24
Calculate the highest common factor of 144 and 304.
16
What is the greatest common factor of 189 and 27?
27
Calculate the greatest common factor of 128 and 64.
64
What is the highest common divisor of 101 and 2727?
101
What is the highest common divisor of 4938 and 30?
6
Calculate the highest common divisor of 60 and 225.
15
What is the highest common divisor of 4213 and 209?
11
What is the greatest common factor of 3358 and 146?
146
Calculate the highest common divisor of 78 and 4.
2
Calculate the greatest common factor of 2877 and 126.
21
Calculate the greatest common factor of 176 and 209.
11
Calculate the highest common divisor of 196 and 1148.
28
Calculate the greatest common divisor of 1210 and 330.
110
Calculate the highest common divisor of 23 and 45977.
23
Calculate the highest common factor of 86 and 301.
43
What is the greatest common factor of 553 and 158?
79
What is the greatest common divisor of 24380 and 115?
115
Calculate the greatest common factor of 4726 and 34.
34
Calculate the highest common factor of 50 and 40.
10
What is the greatest common divisor of 826 and 154?
14
Calculate the greatest common factor of 1115 and 140.
5
What is the highest common factor of 2483 and 78?
13
Calculate the greatest common divisor of 9 and 36.
9
Calculate the highest common divisor of 168 and 72.
24
Calculate the highest common divisor of 3038 and 186.
62
Calculate the greatest common divisor of 504 and 72.
72
What is the greatest common divisor of 12 and 73068?
12
Calculate the greatest common factor of 52 and 12.
4
What is the highest common factor of 67 and 871?
67
What is the greatest common factor of 34 and 17?
17
What is the highest common divisor of 476 and 1309?
119
Calculate the greatest common factor of 945 and 35.
35
Calculate the greatest common factor of 189 and 441.
63
Calculate the greatest common divisor of 193 and 1.
1
What is the highest common divisor of 1376 and 400?
16
What is the highest common divisor of 672 and 320?
32
Calculate the greatest common divisor of 308 and 1100.
44
Calculate the highest common factor of 21 and 48.
3
Calculate the greatest common factor of 3611 and 314.
157
What is the highest common divisor of 4 and 814?
2
Calculate the greatest common divisor of 21 and 336.
21
Calculate the greatest common divisor of 5296 and 224.
16
What is the greatest common divisor of 306 and 2856?
102
Calculate the greatest common divisor of 46 and 1219.
23
What is the highest common factor of 3477 and 183?
183
What is the greatest common factor of 54 and 6?
6
Calculate the greatest common factor of 18 and 1066.
2
What is the greatest common factor of 7462 and 91?
91
Calculate the highest common factor of 114 and 12.
6
What is the highest common divisor of 384 and 240?
48
What is the highest common divisor of 99 and 72?
9
What is the highest common divisor of 63 and 1743?
21
What is the greatest common factor of 360 and 990?
90
What is the greatest common factor of 160 and 192?
32
What is the highest common factor of 1541 and 268?
67
What is the highest common divisor of 6 and 320?
2
Calculate the greatest common divisor of 19 and 152.
19
Calculate the highest common divisor of 1936 and 80.
16
What is the highest common divisor of 150 and 60?
30
What is the highest common factor of 623 and 14?
7
What is the greatest common factor of 1260 and 15?
15
Calculate the highest common factor of 40 and 380.
20
What is the highest common divisor of 25 and 10225?
25
What is the highest common divisor of 320 and 512?
64
Calculate the greatest common factor of 1273 and 134.
67
What is the highest common divisor of 6 and 147?
3
What is the greatest common divisor of 39280 and 160?
80
What is the greatest common factor of 192 and 300?
12
What is the greatest common factor of 3 and 977?
1
What is the highest common factor of 30 and 114?
6
Calculate the highest common divisor of 17 and 136.
17
What is the highest common divisor of 676 and 260?
52
Calculate the greatest common factor of 70 and 4655.
35
Calculate the highest common factor of 425 and 10.
5
Calculate the greatest common divisor of 518 and 56.
14
What is the greatest common divisor of 8106 and 42?
42
Calculate the greatest common factor of 19 and 38.
19
What is the highest common factor of 1243 and 88?
11
What is the greatest common factor of 1958 and 356?
178
Calculate the greatest common factor of 48 and 360.
24
What is the highest common divisor of 820 and 2788?
164
Calculate the greatest common factor of 